uppose -q*g + 20 = 2*g. What are the prime factors of g?
5
Let y(c) = 3*c**2 + 4 - 16 - 2*c**2 + 9*c. Let l be 51/(-17) - 2*4. List the prime factors of y(l).
2, 5
List the prime factors of ((-4)/(-16)*-2)/(1/(-26)).
13
Let z be (-2)/4*(1 + 1). Let x be -6 + (z - 1 - -3). Let f(a) = a**2 + 3*a - 2. List the prime factors of f(x).
2
Let w = -10 + 7. Let t = w + 7. Suppose -4*p - 2 = 2*m - 4, t*p = -4*m + 12. List the prime factors of m.
5
List the prime factors of -2*(0 - (-131)/(-2)).
131
Suppose 3*i = -0*i + 30. Suppose 5*z - i = 3*w, -2*z + 5*w = -0*w - 4. Let m = z + 8. What are the prime factors of m?
2, 5
Suppose k + 3*k - n = 107, -2*k = -2*n - 46. List the prime factors of k.
2, 7
Suppose -19 = -2*a + 7. What are the prime factors of a?
13
Let x(v) = -6*v + 1. Let p = 2 + 1. Suppose -3*o + 0 - p = 0. What are the prime factors of x(o)?
7
Let u be (-204)/(-8) - (-1)/(-2). Let w(z) = z**2 + z - 3. Let n be w(4). Let o = u - n. What are the prime factors of o?
2
Let j(w) = -4*w - 9. Let y(z) = -4*z + 2. Let i be y(2). List the prime factors of j(i).
3, 5
What are the prime factors of 0 - 2 - 72/(-2)?
2, 17
Let c = -22 - -25. Suppose c*i = 76 + 71. List the prime factors of i.
7
Let b(m) = m**3 + 3*m**2 - 4*m - 4. Let x be b(-4). List the prime factors of 44/(-6)*6/x.
11
List the prime factors of 147/(-14)*(-1 + -5).
3, 7
Suppose -m + 3*m - 8 = 0. Let k = m - 0. Suppose -k*q + 30 = q. List the prime factors of q.
2, 3
Let r(u) = -u + 4. Let x = -10 + 6. What are the prime factors of r(x)?
2
Let a(r) = r + 109. What are the prime factors of a(0)?
109
Suppose 53 - 388 = -2*v - 3*t, 3*v + 2*t - 505 = 0. What are the prime factors of v?
13
Suppose 0 = -6*y + 451 - 55. What are the prime factors of y?
2, 3, 11
Let l(x) = -7*x - 49. Let r(z) = -2*z - 16. Let t(g) = 4*l(g) - 11*r(g). List the prime factors of t(-6).
2
Suppose -4*s - 274 = -678. What are the prime factors of s?
101
Suppose -4*h - w = -h + 7, 3*h = -5*w + 1. Let g be 19 + (h - 0)*-1. Let s = g - 7. What are the prime factors of s?
3, 5
Let t(h) be the first derivative of -12*h**2 - 3. Let j be t(-1). Suppose -f + 9 + 11 = -2*d, -f + 4*d = -j. What are the prime factors of f?
2
Let m be -3 + 3 + -2 + 9. Suppose m = -q + 29. What are the prime factors of q?
2, 11
Let q = 15 - 12. List the prime factors of q.
3
Suppose t - 28 - 35 = 0. List the prime factors of t.
3, 7
Suppose -1314 = -r - 8*r. What are the prime factors of r?
2, 73
Suppose 0 = j + 3*i + i + 20, -2*j + 4*i - 28 = 0. Let a = 30 + j. List the prime factors of a.
2, 7
Suppose 5*s - 2*u = 132, 4*s + 3*u - 2*u = 103. List the prime factors of s.
2, 13
List the prime factors of 39 - (-1*(2 + 0) + 4).
37
Suppose 146 = 3*x - s, x + 0*x - 48 = s. List the prime factors of x.
7
Suppose 0 = 5*k + c - 195, -4*c = -2*k + 28 + 28. Let j(z) = z**3 - 6*z**2 - z + 10. Let y be j(6). Suppose -k + 10 = -y*q. List the prime factors of q.
7
Suppose -48 = -2*p - m, -68 = -2*p + 4*m - 0*m. What are the prime factors of p?
2, 13
Let u(m) = 3*m**2 - 30*m + 19. What are the prime factors of u(14)?
11, 17
Let g(b) = -b**2 + 5*b - 2. Let z be g(4). What are the prime factors of 2 + (1 - z - -3)?
2
Let w(z) = 3*z + 1. Let t be w(3). List the prime factors of (0 + t)*6/12.
5
Let w(m) be the second derivative of -2/3*m**3 + 1/6*m**4 - m + 0 - 7/2*m**2. What are the prime factors of w(5)?
23
Let c(u) = u - 34. Let t be c(0). Let k = -8 - t. What are the prime factors of k?
2, 13
Suppose -3*j = 2*w - 191, 2*j + 4*w - 14 = 116. List the prime factors of j.
3, 7
Let q = 8 + -24. Let f = -9 - q. Suppose 5*a = -f*s + 2*s + 60, 3*s - 12 = 0. List the prime factors of a.
2
Let j be 15/6 + (-2)/4. List the prime factors of -1 - -5*(j - 0).
3
Let g = -64 - -99. List the prime factors of g.
5, 7
Let j(l) = 4*l. Let o be j(-1). Let x(k) = -2*k**3 + 2*k**2 - 2*k. Let t be x(2). List the prime factors of 2 + t*o/6.
2, 5
Suppose -2*c = -8, -c - 3*c + 4 = -4*k. Suppose 0 = k*n - 4 - 2. List the prime factors of n.
2
Let t(x) = -2*x - 10. What are the prime factors of t(-7)?
2
Let a = -106 + 64. What are the prime factors of 4/7 + (-144)/a?
2
Suppose 1 = -5*s - 14. Let m(b) = -b**3 - b**2 - 3*b - 4. What are the prime factors of m(s)?
23
Suppose 3*o - 5*o = -70. What are the prime factors of o?
5, 7
Suppose -5*j = -1195 + 220. What are the prime factors of j?
3, 5, 13
Suppose -139 = 2*x + 7. Let g = -39 - x. List the prime factors of g.
2, 17
Let o = -21 + 28. Suppose o*r = 2*r - 4*p + 153, 2*r = p + 56. What are the prime factors of r?
29
Suppose 0 = -4*x + 104 + 52. Let b = x - 56. Let i = 29 + b. What are the prime factors of i?
2, 3
Let q(w) = 2*w**2 + 12*w - 11. List the prime factors of q(-11).
3, 11
Let m be 193/(-13) + 16/(-104). Let x = -11 - m. Let j(l) = -l**3 + 4*l**2 + 5*l - 3. List the prime factors of j(x).
17
Let u = 104 - -62. What are the prime factors of u?
2, 83
Let g(z) = z**2 + z + 2. Let u be g(0). Let m(s) = s**3 - 6*s**2 - 6*s - 4. Let f be m(7). Suppose u = f*l - 10. List the prime factors of l.
2
Let g = 82 + -64. List the prime factors of g.
2, 3
Let v = 6 + -4. Suppose -d + 3 - 32 = -5*z, z - 4 = v*d. Suppose g - 4 = z. What are the prime factors of g?
2, 5
Let h(j) = -j**2 + 9*j + 1. Let w be h(9). Suppose 4*f = -11 - w, -a + 2*f = -21. What are the prime factors of a?
3, 5
Let i be 0 + 25 + 2/(-2). Let y be i/(-10) + (-2)/(-5). Let q = y + 4. What are the prime factors of q?
2
Suppose -3*x + 3 = -6*x. Let b be (1/2)/(x/12). What are the prime factors of 3/9 - 70/b?
2, 3
Let v = 76 + -46. What are the prime factors of v?
2, 3, 5
Let c(t) = t. Let h be c(-2). List the prime factors of 4 + h - -1*26.
2, 7
Let b be (9/4)/3*4. Suppose 0 = -4*q + 5*o + 17, 4*q - b*o = -0*o + 7. What are the prime factors of 44/4 - 2/q?
2, 3
Let s be ((-10)/(-4))/(9/90). Suppose -17 = -3*n + 2*a, -4*n + s = 3*a - 26. List the prime factors of n.
3
Suppose 4*s - 6*s = 0. Let i be 23 + 0 + (3 - 2). Suppose -i = -3*m - s*m. List the prime factors of m.
2
Let y(r) = r**3 + 5*r**2 - 6*r + 5. Let b be y(-6). Let p(d) be the second derivative of d**4/12 - d**3/2 - 7*d**2/2 - 2*d. List the prime factors of p(b).
3
Suppose -6*v = -3*v - 27. List the prime factors of v.
3
Let n(w) = 7*w**2 - w - 2. What are the prime factors of n(2)?
2, 3
Let g = 19 + -22. Let f(a) = -18*a - 7. What are the prime factors of f(g)?
47
Suppose -9*k + 919 + 2042 = 0. List the prime factors of k.
7, 47
Let r = 77 - 46. List the prime factors of r.
31
Suppose -5*b = -b - 3*h - 45, -3*b + 5*h + 42 = 0. Let x = b + -6. What are the prime factors of x?
3
Suppose 0 = -x - 2*i + 5, x - 4*i + 19 = -0*i. Let m = x - -3. Suppose -40 = -5*o - m*l - 4*l, 0 = -3*o + l + 24. What are the prime factors of o?
2
Let t be ((-18)/21)/((-3)/14). Suppose t*s = s + 87. What are the prime factors of s?
29
Let n = -2 - -8. Let b(m) = m**3 - 7*m**2 + 8*m + 4. List the prime factors of b(n).
2
Let m = -340 - -601. List the prime factors of m.
3, 29
Suppose 43*o = 40*o + 51. List the prime factors of o.
17
Let j = -1 + 2. Let r be 26 - (-3 + (2 - j)). Suppose -2 = -5*x + r. List the prime factors of x.
2, 3
Suppose -5*f + 2*f + 9 = 0. Suppose -o = 5*d - 56 + 20, 5*d = f*o + 32. List the prime factors of d.
7
Suppose 4*b + 4*q = 1228, -b + 4*q - 316 = -2*b. List the prime factors of b.
2, 19
Suppose 0 = -f + 9 - 56. Let a = f - -66. What are the prime factors of a?
19
Suppose -u + 6*j = j - 75, -4*u - 4*j = -300. What are the prime factors of u?
3, 5
List the prime factors of (0 - (-1 - -13))/((-27)/72).
2
Let n(z) = -3*z**3 + 5*z**3 - 3*z**3 + z**2. Let u be n(0). Suppose 5*h = -u*h + 80. List the prime factors of h.
2
Suppose i - 5 = -6. Let v be (-8)/(1*i/(-4)). Let s = 51 + v. What are the prime factors of s?
19
Suppose 6*u + 87 = 9*u. Suppose z - m - u = 2*m, -111 = -3*z + 3*m. What are the prime factors of z?
41
Suppose -2*g - 5*y + 86 = 0, -3*g = 4*y - 51 - 64. What are the prime factors of g?
3, 11
Suppose 4*m - 51 = -2*z + 53, 230 = 5*z - 5*m. What are the prime factors of z?
2, 3
Let j = 14 + 204. What are the prime factors of j?
2, 109
Let y(g) = g**3 + 4*g**2 - 4*g + 7. Suppose -10 = -r + 3*r. Let j be y(r). Suppose -4 = z, -j*z + 0*z - 4 = 2*f. What are the prime factors of f?
2
Suppose 6*k - 10 = -